rmine p(i).
-4
Let w(b) = 12*b - 1. Let z = -3 + 8. Suppose z*s + 3 - 8 = 0. Give w(s).
11
Let s(t) = -7*t + 2*t - 3*t**2 + t**2 + t - 3. Calculate s(-3).
-9
Let f(m) be the first derivative of 4*m**3/3 - 2*m + 4. Determine f(2).
14
Let y(t) = -2*t + 4. Let d be y(2). Suppose -5*m + 2*v + 3*v = d, -3*m = v + 8. Let j(a) = -a**3 - 2*a**2 + a + 1. What is j(m)?
-1
Let t(u) = u + 5 + 1 - 2*u. Suppose 3*r + 5*g - 18 = 10, 0 = 5*r - 3*g - 24. Calculate t(r).
0
Let c(u) be the second derivative of -3*u**5/20 - u**4/12 + u**3/6 + 8*u. What is c(1)?
-3
Let h(o) = -o**3 - 2*o**2 + 2*o + 2. Suppose -4*y + 5 = -3. Give h(y).
-10
Let q(f) = -2*f + 2. Let w(t) = -3*t + 3. Let g(k) = -4*q(k) + 3*w(k). What is g(-4)?
5
Let n be 2 + (15/(-10))/(12/16). Let a(z) = z**2 - z - 6. Calculate a(n).
-6
Suppose -5*c = -0*c - 60. Let d be (4/c)/(2/18). Let n(l) = -d*l + 3 + 2*l - 2. Determine n(-3).
4
Let s be ((-2)/4)/(2/(-4)). Let r(c) = -3 - c**3 + 3 - 12*c**3 + 1. What is r(s)?
-12
Let s(z) = 8*z**2. Let d be s(-1). Suppose 23 = -5*h + d. Let v(u) = -2*u + 2 - 4*u**2 + 0*u - 3*u**3 + 2*u**3. Give v(h).
-1
Let t(b) = -b**3 + 6*b**2 - 4*b - 2. Let n be t(5). Let k(o) = -o - 3 + 3*o - n*o. Let h be k(-3). Let f(y) = y**2 - 7. Determine f(h).
-7
Let y(l) = -l**2 - l. Let w = 74 - 72. Give y(w).
-6
Suppose 2*j - 6 = -0*j. Let y be 1 - (-1 + j) - -6. Let t(g) = 2*g**2 + g**3 - 4*g**2 + g**2 - y*g**3 + g. Give t(1).
-4
Let g(n) be the second derivative of 1/3*n**3 + 0 + 1/120*n**5 + 0*n**2 + 1/24*n**4 - n. Let o(c) be the second derivative of g(c). Give o(1).
2
Let q(p) be the third derivative of -2*p**2 - 1/4*p**4 + 7/6*p**3 + 0*p + 1/60*p**5 + 0. Give q(6).
7
Let v be 1/((-1)/42*-2). Let w = -11 + v. Let o(t) = 5*t**2 - 1 - w*t**2 + 4*t**2 + t. What is o(1)?
-1
Let y(f) = 2 + 2 - 11*f + 20*f - 8*f. Let r = 0 + 0. Give y(r).
4
Let g(x) = 3*x**2 - 5*x - 2. Let b(v) = -v**2 + v + 1. Let t(p) = 4*b(p) + g(p). What is t(3)?
-10
Suppose 0 = -2*d + 5*d - 21. Let a(h) = -h + d*h - 5*h + 4*h. Give a(1).
5
Let c be (-1)/((-2)/4) + 2. Let a(j) = -j**3 + 3*j**2 + 3*j - 1. What is a(c)?
-5
Let h(z) be the first derivative of -z**2/2 - 8*z - 5. Give h(-6).
-2
Let u = 55 + -83. Let t = 19 + u. Let z be t/6*4/(-6). Let s(j) = j**3 - j**2 + 1. Determine s(z).
1
Let d(a) = a**2 + 5*a - 2. Suppose -3*w = 5*t + 22, 3*t - 7 = 4*t - 2*w. Determine d(t).
-2
Let m be ((-51)/6 - 0) + 1/2. Let g(s) = -2*s - 10. Give g(m).
6
Let b = 30 - 33. Let z(q) = 2*q**2 + 3*q - 4. Calculate z(b).
5
Suppose 7 = 14*d - 35. Let v(h) be the first derivative of 3*h + 1/4*h**4 + 2 - 2*h**d + 3/2*h**2. Determine v(5).
-7
Let i(q) = -q**2 + 6*q - 3. Let s be i(3). Let h = 10 - s. Let d(l) = l**3 - 5*l**2 + 4*l + 4. Determine d(h).
4
Let u(r) = r - 2. Let w = 16 + -13. Let j be w/18 - (-58)/12. Calculate u(j).
3
Let s(h) = h**2 - 6*h + 13. Let o be s(3). Let m(z) = -z**2 + 5*z - 5. Give m(o).
-1
Let i be 8/(-4)*(-4)/2. Let n(c) be the second derivative of -5*c**4/12 + 2*c**2 + 3*c. Let k(q) = -4*q**2 + q + 3. Let l(b) = i*k(b) - 3*n(b). Determine l(4).
0
Let a = 207 - 215. Let s(f) = f**2 + 8*f - 8. What is s(a)?
-8
Let s be -7*(-1 - 0) + -2. Let t(y) = -s*y + 5*y - 4*y + 1. Give t(4).
-15
Let z be 26/(-6) + 2/6. Let m be (-2 - (-3)/2)*z. Let r(t) = -5*t - 4. Let h(i) = -i - 1. Let f(l) = -12*h(l) + 3*r(l). Give f(m).
-6
Let g be (-18)/(-42)*(-56)/(-12). Let j(s) = 2 - 4*s - 5 + 1. Calculate j(g).
-10
Let c(b) be the second derivative of -b**4/12 + 2*b**3/3 + 6*b. Calculate c(5).
-5
Let u(r) = r**3 - 9*r**2 + 3. Let d = 99 + -90. What is u(d)?
3
Let b(k) = 8*k + 5. Suppose 0 = 3*r - 1 - 11. Let j(i) = -3*i - 2. Let v(x) = r*b(x) + 11*j(x). Determine v(-5).
3
Let j(k) = 1 + k**3 - 7*k - 3 + 1 + 4*k**2. Suppose -4*u = 3*v + 19, -u + 9 = -v - v. Calculate j(v).
9
Let a be (-32)/(-10) + (0 - 4/20). Let u(k) = -k**3 + 3*k**2 + 4*k. Let v be u(4). Let h(p) = -1 + v*p - p + 2. Calculate h(a).
-2
Let c(p) = -p**3 + 11*p**2 + 6*p + 12. Let s be c(9). Let i be s/16 + 3/(-12). Let n be 18/i + 4/(-14). Let r(k) = -2*k**2 - k + 1. Calculate r(n).
-2
Let t(k) = k**3 - 6*k**2 + k - 6. Suppose 14*d - 12*d - 12 = 0. Give t(d).
0
Let d(v) = v**2 - v + 3. Let a(t) = -t - 1. Let i(k) = 4*a(k) + d(k). Give i(4).
-5
Let o = 1 - 2. Let m = -2 - o. Let c(y) be the third derivative of -7*y**5/60 - y**4/12 - y**3/6 + 193*y**2. What is c(m)?
-6
Let h(l) be the third derivative of -l**2 + 0*l - 5/6*l**3 + 0 + 1/24*l**4. Determine h(4).
-1
Let z = -23 + 25. Let h(o) = o**3 - o**2 - o - 1. What is h(z)?
1
Let x(i) = 5*i + 7 + 0*i**3 + i**3 - 6*i**2 - 2. Let p be (-1 + 2/(-4))*20/(-6). What is x(p)?
5
Let l(i) = -7*i - 7. Let m(t) = t. Let w(c) = -l(c) - 6*m(c). Determine w(-6).
1
Let c(w) = w + 1. Let h be c(-3). Suppose -3*z - 7 = -2*z. Let i(v) = -3*v - 3. Let f(j) = -j**2 + 9*j + 9. Let u(s) = z*i(s) - 2*f(s). What is u(h)?
5
Let a(z) = -37*z**3 - 11*z**2 + 2. Let q(y) = 18*y**3 + 5*y**2 - 1. Let m(r) = -4*a(r) - 9*q(r). What is m(-1)?
14
Let t(g) = g**3 - 5*g**2 - 5. Let n(h) = h + 1. Let r be n(4). Calculate t(r).
-5
Let z be 14/(-3)*((-7)/2 - -2). Let n(x) = -x**3 + 7*x**2 - 7. Calculate n(z).
-7
Let r = 9 + -1. Suppose -j - j = -r. Let i(p) = -4*p + 5. Determine i(j).
-11
Let b(z) = z + 9. Let k(l) = 1. Let a(n) = -b(n) + 5*k(n). Let u = -525 + 517. Determine a(u).
4
Let o(q) be the third derivative of q**6/60 - q**4/24 + q**2. Let n be o(1). Let m(k) = -2*k. Give m(n).
-2
Let k(x) = -x**2 - 6*x + 4. Let u be 7/(-3*(-3)/(-9)). Let m be k(u). Let p(c) = c**3 + 3*c**2 - 2*c + 1. Calculate p(m).
7
Let i(g) = -g**2 - 4*g + 6. Suppose 0*f - 40 = f. Let c be f/6 - 4/(-6). Give i(c).
-6
Let v(n) = -n + 1. Suppose -16 = 5*b + 14. Let o(x) = -5*x + 8. Let s(r) = b*v(r) + o(r). Let z(a) = -a + 7. Let f be z(9). Give s(f).
0
Let y(l) = 1 + 2*l**2 - l - 6*l**2 - 2. What is y(-1)?
-4
Let a(m) be the first derivative of -m**4/4 + 3*m**3 - 4*m**2 - 11*m + 9. Determine a(8).
-11
Suppose -3 = 2*u + 3. Let m(y) = -y - 2. Determine m(u).
1
Let q(n) be the third derivative of n**5/10 - n**4/12 - n**3/3 + 57*n**2. What is q(2)?
18
Let s(k) = 7*k - 1. Let d be (1 + 1)/(-1) - 0. Let t = -1 - d. Suppose -2*g + t + 1 = 0. What is s(g)?
6
Let v(x) = -x**3 + 4*x**2 + 4*x + 7. Let n be v(5). Let s be 6/15*n*-5. Let j(u) = -1 + 4*u - 3 - 3*u. Calculate j(s).
-8
Suppose m = -2*m. Suppose -2*x - x + 21 = -4*z, m = -2*x + 2*z + 14. Let s(g) = -g**2 - g**3 - 6*g + x*g + 1 + 2*g**2. Give s(2).
-1
Let y(r) = 2*r**2 - 4. Suppose -2*c - 6 = -0. Determine y(c).
14
Let h be ((-11)/9 - -1)*-9. Let w(c) = -c**3 + 4*c**2 - 3*c + 3. What is w(h)?
5
Let w(a) = a**3 - 8*a**2 + 14*a - 7. Let r be w(6). Let h(x) = -x**3 + 3*x**2 + 2*x**2 + 1 - 3*x + x**2. Determine h(r).
11
Let l(c) = -c**2 + 7*c + 11. Let d(i) = 1. Let f(t) = 6*d(t) - l(t). Determine f(5).
-15
Let r(n) be the first derivative of -n**4/4 + 2*n**3/3 - 3*n**2/2 + 4*n - 1. Let d be (-9)/(-6)*(-1 + 3). Calculate r(d).
-14
Let a(v) = -10*v + 1. Let u = -16 + 15. Calculate a(u).
11
Let y(i) = -4*i + 5*i**3 - 7*i**2 - 6*i**3 + 8 + 0*i**3. Let b be (45/(-10))/(3/4). Let m be y(b). Let h(p) = p + 3. Calculate h(m).
-1
Let g(v) = -v**2 + 3*v + 2. Let r be g(3). Suppose -r*s = s. Let u(c) = -1 + 2 + s + c - 2. Calculate u(3).
2
Let l(o) = -5*o**3 - o**2 + o + 1. Let p(m) = 3 + 0 - 11*m**3 + 2*m - m**2 - 2. Let u(v) = 9*l(v) - 4*p(v). Give u(-5).
0
Let q(v) = -2 - 20*v**2 - 20*v**2 - 6*v - 10*v**2 + 51*v**2. What is q(6)?
-2
Let z(i) be the third derivative of 0 + 1/30*i**5 + 1/12*i**4 + 2*i**2 - 1/6*i**3 + 0*i. Let w = 0 + -2. Determine z(w).
3
Let d(a) = 2*a**2 + 3*a. Let w(m) = m**2 + 5*m - 1. Let q(j) = -2*d(j) + 3*w(j). What is q(9)?
-3
Let y(o) = -6*o. Let q(s) = s - 5. Let x be q(6). Let c be ((-3)/6 + x)*-2. What is y(c)?
6
Let p(l) = -3*l - 10. Suppose v - 5 = c, -4*v + 5*c + 20 = -0*c. Let m(w) = -4*w - 11. Let i(o) = v*p(o) - 4*m(o). What is i(3)?
-3
Let m be 14/3*(-6)/4. Let g(o) = -12*o**2 - 7*o - 9. Let q(c) = -4 + 9 + 2*c**2 + 4*c**2 + 4*c. Let n(y) = m*q(y) - 4*g(y). What is n(1)?
7
Suppose -2*g + b - 14 = 3*b, 32 = -5*g - 2*b. Let k(z) be the first derivative of -z**2/2 - 8*z - 1. Calculate k(g).
-2
Let k(x) = x**2 + x**3 - 2*x**3 - 1 + 0*x**3. Suppose -g = 14 - 0. Let w be (-4)/g - 14/49. Determine k(w).
-